{"id":8,"date":"2008-02-24T03:28:44","date_gmt":"2008-02-24T02:28:44","guid":{"rendered":"http:\/\/lanequibutine.lapin-blanc.net\/blog\/nederlands\/"},"modified":"2023-10-18T14:31:20","modified_gmt":"2023-10-18T13:31:20","slug":"nederlands","status":"publish","type":"page","link":"https:\/\/www.anequibutine.com\/blog\/nederlands\/","title":{"rendered":"Presentatie"},"content":{"rendered":"<p><strong>L\u2019\u00c2ne qui butine<\/strong><\/p>\n<blockquote><p><a href=\"https:\/\/www.anequibutine.com\/blog\/wp-content\/uploads\/2008\/03\/cv-perso-court-pour-revue.doc\">Anne Letor\u00e9<\/a> (fabricatieverantwoordelijke van drukwerk)<br \/>\n&amp; <a href=\"https:\/\/www.anequibutine.com\/blog\/wp-content\/uploads\/2008\/03\/cv-xtof.doc\">Christoph Bruneel<\/a> (boekbinder en boekhersteller)<\/p><\/blockquote>\n<p><a title=\"Pr\u00e9sentation (Fran\u00e7ais)\" href=\"https:\/\/www.anequibutine.com\/blog\/presentation\/\"><img decoding=\"async\" src=\"\/images\/fr.gif\" alt=\"fr\" \/> Pr\u00e9sentation<\/a><br \/>\n<a title=\"Presentation (English)\" href=\"https:\/\/www.anequibutine.com\/blog\/english\/\"><img decoding=\"async\" src=\"\/images\/en.gif\" alt=\"en\" \/> English<\/a><\/p>\n<p>Grensoverschrijdende micro-editie (Frankrijk-Belgi\u00eb) met B.I.O.-recepten (Bijzondere Inbeelding van Oorsprong) sinds 1999.<\/p>\n<p>Voor L\u2019\u00c2ne qui butine (De Ezel die Graait) cre\u00ebren Christoph Bruneel, \/dichter in verbeeldingen \u2013 tuinier in talen en kikvorsen\/, en Anne Letor\u00e9, \/verhalenverwekster \u2013 tussenpersoon der gerechten\/, boekwerken die van de standaardnormen kunnen afwijken : een in bolvorm opgerolde tekstrol, een boek om op te hangen, een \u2018vleesgeworden\u2019 bericht gedrukt op een rouwbericht&#8230;<\/p>\n<p>Met zijn persoonlijke fondsen heeft \u201c De Ezel\u201d tot op heden een 100-tal auteurs (Frankrijk, Belgi\u00eb (Vlaanderen\/Walloni\u00eb), Quebec, Zwitserland&#8230;) uitgegeven. Al onze auteurs hebben een absolute po\u00ebtische houding en voldaanheid t.o.v. \u201cDe Ezel\u201d (!)&#8230; de perfectie van de zwerm ?<\/p>\n<p>De wereld van \u201cDe Ezel\u201d is eveneens en vooral een verweving van ontmoetingen die kruisbestuivingen verwekken tussen tekst &amp; beeld, object &amp; boek, zin &amp; pagina.<\/p>\n<p>Soms ontsluiert \u201cDe Ezel\u201d zich t.o.v. de wereld in efemere po\u00ebtische blitzkrieg-acties, hoog in de kruin der bomen, dichtbij een natuurlijke bron, in &amp; rond multidimentionele tentoonstellingen, tijdens een maaltijd naar een specifiek thema&#8230;<\/p>\n<p><em>Contact :<\/em><br \/>\nAnne Letor\u00e9 &amp; Christoph Bruneel<br \/>\n28, rue du Chemin de Fer, 7700 Mouscron, Belgique<br \/>\nT\u00e9l : +32 56 84 57 52<br \/>\n<a href=\"mailto:anequibutine@gmail.com\">anequibutine@gmail.com<\/a><\/p>\n","protected":false},"excerpt":{"rendered":"<p>L\u2019\u00c2ne qui butine Anne Letor\u00e9 (fabricatieverantwoordelijke van drukwerk) &amp; Christoph Bruneel (boekbinder en boekhersteller) Pr\u00e9sentation English Grensoverschrijdende micro-editie (Frankrijk-Belgi\u00eb) met B.I.O.-recepten (Bijzondere Inbeelding van Oorsprong) sinds 1999. Voor L\u2019\u00c2ne qui butine (De Ezel die Graait) cre\u00ebren Christoph Bruneel, \/dichter in verbeeldingen \u2013 tuinier in talen en kikvorsen\/, en Anne Letor\u00e9, \/verhalenverwekster \u2013 tussenpersoon der gerechten\/, [&hellip;]<\/p>\n","protected":false},"author":1,"featured_media":0,"parent":0,"menu_order":0,"comment_status":"open","ping_status":"open","template":"","meta":{"footnotes":""},"class_list":["post-8","page","type-page","status-publish","hentry"],"_links":{"self":[{"href":"https:\/\/www.anequibutine.com\/blog\/wp-json\/wp\/v2\/pages\/8","targetHints":{"allow":["GET"]}}],"collection":[{"href":"https:\/\/www.anequibutine.com\/blog\/wp-json\/wp\/v2\/pages"}],"about":[{"href":"https:\/\/www.anequibutine.com\/blog\/wp-json\/wp\/v2\/types\/page"}],"author":[{"embeddable":true,"href":"https:\/\/www.anequibutine.com\/blog\/wp-json\/wp\/v2\/users\/1"}],"replies":[{"embeddable":true,"href":"https:\/\/www.anequibutine.com\/blog\/wp-json\/wp\/v2\/comments?post=8"}],"version-history":[{"count":5,"href":"https:\/\/www.anequibutine.com\/blog\/wp-json\/wp\/v2\/pages\/8\/revisions"}],"predecessor-version":[{"id":70,"href":"https:\/\/www.anequibutine.com\/blog\/wp-json\/wp\/v2\/pages\/8\/revisions\/70"}],"wp:attachment":[{"href":"https:\/\/www.anequibutine.com\/blog\/wp-json\/wp\/v2\/media?parent=8"}],"curies":[{"name":"wp","href":"https:\/\/api.w.org\/{rel}","templated":true}]}}